n factor of o and 126.
18
Let a = 13 - 2. Let v = a - 6. What is the greatest common divisor of 40 and v?
5
Let x(v) = -6*v**3 - 2*v**2 - 4*v - 6. Let g be x(-3). Suppose -5*n + 6*n - 30 = 0. What is the highest common factor of g and n?
30
Suppose -5*t = -2*t - 225. Suppose 7*f - t = 2*f. What is the greatest common factor of 165 and f?
15
Let b(o) = -o + 10. Let j(m) = 7*m**2 + m. Let u be j(-1). Let d be b(u). What is the greatest common factor of d and 8?
4
Suppose 5*i + 4*x - 21 - 1 = 0, 3*i + 4*x = 18. Suppose 0*b - 5*b - 2*f + 44 = 0, 0 = -5*b + i*f + 56. Calculate the highest common divisor of 10 and b.
10
Let x = -3 - -17. Let l = -1 + x. Calculate the highest common factor of 91 and l.
13
Let x = -41 - -72. Calculate the highest common divisor of 403 and x.
31
Suppose 0 = -2*s + 44 + 58. Let n = s + 12. What is the highest common divisor of n and 42?
21
Suppose -2*l = t - 109, -5*t = -2*t + 9. Let o be (0 - (2 + -3)) + 13. What is the highest common factor of o and l?
14
Suppose -4*d = d - 785. Let x = 223 - d. Calculate the highest common divisor of 6 and x.
6
Suppose -t + 33 = 2*i + 7, 4*i = 16. What is the highest common divisor of t and 18?
18
Let d be 5/(-20) - (-145)/4. What is the highest common divisor of 4 and d?
4
Suppose 0 = -59*m + 60*m - 27. Calculate the greatest common divisor of 108 and m.
27
Let y = 72 - 66. What is the greatest common divisor of y and 4?
2
Let l be (-2)/4 + (-290)/(-4). Let y(k) = 14*k - 75. Let m be y(6). What is the greatest common divisor of m and l?
9
Let b(w) = w**3 + 9*w**2 + 7*w + 3. Let t be b(-8). Calculate the highest common factor of 1 and t.
1
Suppose 3*i + 2*j + 16 = 36, 3*j - 16 = -i. Let t(q) = 3*q - 21. Let m be t(9). Calculate the greatest common factor of i and m.
2
Suppose 2*f = -2*f + 16. Suppose 0*p = -p + f. Suppose 0*x - p = -4*x. What is the highest common divisor of x and 1?
1
Let o be (42 - -3) + -3 - 0. Suppose -o = -3*z + 3*i, -z = 2*z + i - 26. What is the greatest common factor of z and 20?
10
Let p be (-4 - -2)/(28/10 - 3). Let n(m) = m**3 - 4*m**2 + 5. Let t be n(5). What is the greatest common divisor of t and p?
10
Suppose -12 = 3*h - 6. Let x be 3/h*(-42)/9. Suppose -v - 3*v + q + 25 = 0, -q - 4 = -v. What is the highest common divisor of v and x?
7
Suppose 2*v + 4*u = -2*v - 28, -2*v - u - 12 = 0. Let a = 3 - v. Calculate the highest common factor of a and 72.
8
Let n be 0/4 - (-27 + 3). What is the greatest common factor of n and 8?
8
Let h = -4 + 7. Let g(c) = 3*c**3 + 2*c**2 - 4*c + 3. Let x be g(h). What is the highest common divisor of 10 and x?
10
Let s be ((-4)/(-6))/((-6)/(-18)). Let t be -2 + 2/(s - 1). Suppose 1 = i - t*i. What is the greatest common factor of i and 7?
1
Let o be (-108)/(-20) + 2*(-2)/10. Calculate the highest common factor of 10 and o.
5
Suppose -d + 120 = 3*d. Let c be (2/(-3))/((-8)/(-12)). Let r be ((-6)/8)/(c/8). What is the greatest common factor of r and d?
6
Let q = 9 + 9. Let l(s) = -8*s + 1. Let p be l(-1). Calculate the highest common factor of q and p.
9
Suppose -2*t = -d - 4, 2*t + 0 = -d - 4. Suppose t = -8*i + 6*i + 374. Calculate the highest common divisor of i and 17.
17
Suppose -2*w + 10 - 2 = 0. Suppose -5*f - 2*h = 2*h - 124, -5*h - 43 = -2*f. Let y = f - w. Calculate the highest common divisor of y and 8.
4
Suppose 6*i - 1218 - 42 = 0. What is the highest common factor of i and 30?
30
Let a(x) = x**2 + 4*x - 8. Let d be a(4). Calculate the highest common factor of 60 and d.
12
Let g(q) = 3*q**2 + q + 11. Let c be g(-5). What is the greatest common divisor of c and 27?
27
Let l(r) = 3*r**2 + 4*r - 4. Let f be l(2). Calculate the greatest common factor of f and 176.
16
Let d(m) = 13*m - 4. Let v be d(2). What is the highest common factor of 66 and v?
22
Let i = -7 + 11. Suppose 0 = i*c + 7*j - 3*j - 52, -c + 5*j = 11. Let q = 65 + -29. What is the highest common factor of q and c?
9
Let r be ((-14)/21)/(2/(-48)). Suppose -3 = 2*d - 1. Let f be (11/3 + d)*3. Calculate the highest common factor of f and r.
8
Let i(j) = -2*j + 14. Let o(g) = -g + 13. Let b(f) = 3*i(f) - 4*o(f). Let v be b(-7). Suppose v*d = 26 + 2. Calculate the highest common factor of d and 77.
7
Let p be ((-2)/5)/((-22)/110). Calculate the greatest common divisor of 6 and p.
2
Suppose -1 - 1 = -q. Suppose 3 + q = h. Calculate the highest common divisor of 25 and h.
5
Let f(t) = -5*t**3 + t. Let l be f(1). Let d = 1 - l. What is the highest common divisor of 1 and d?
1
Let x be (-92)/(-22) + (-2)/11. Suppose 2*k - 4*k + 7 = -5*q, 0 = -5*k + x*q + 60. What is the highest common divisor of 24 and k?
8
Let w(o) = -o**2 + 13*o - 12. Let v be w(11). Let h(k) = k - 8. Let a be h(v). Calculate the highest common factor of 16 and a.
2
Suppose 5*h + 4*k + 1 = 0, 4*k = -h + 3*k - 1. Suppose 0 = y - h - 5. Let z = y + 18. What is the highest common divisor of 39 and z?
13
Let j be 2/(-4) - (-185)/10. Let c be 4/j - 14/(-18). Suppose -z = -4*z + 24. Calculate the highest common factor of z and c.
1
Let b(s) = 11*s**2. Let z be b(-2). Suppose 0 = 5*c - 0*c - 10. Suppose 8 = -2*m - 2, -c*o + 3*m = -37. Calculate the greatest common divisor of z and o.
11
Let v be 2*2 + 1 + 1. Let n be (6*-1)/(v/(-4)). Let f = 82 - 50. Calculate the greatest common factor of f and n.
4
Suppose 2*s = s + 2. Suppose -s = 3*q - 38. Suppose 4*m - 96 = -2*y, -5*y + 2*m = -163 - 77. Calculate the greatest common factor of q and y.
12
Let p be 8/4 - (2 - 41). Let d = -9 + p. Let h(x) = 2*x**3 - 4*x**2 - 5*x + 4. Let t be h(4). Calculate the greatest common factor of t and d.
16
Suppose o + f - 28 = -f, 69 = 3*o + 3*f. Suppose -4*k = 5*m - 221, -2*m = -0*m + 2*k - 88. What is the highest common factor of m and o?
9
Suppose -3*l + 3 + 3 = 0. Suppose -3*k + 50 = l*k. What is the greatest common divisor of 50 and k?
10
Suppose l = o + 5, 2*o + o = -4*l - 1. Suppose 2*d = l + 14. Suppose 3*y + d = 272. Calculate the highest common factor of 11 and y.
11
Let p be (350/(-21))/(1/(-3)). Suppose -2*l = 3*l - p. What is the greatest common factor of 4 and l?
2
Let w = 49 + -29. What is the highest common divisor of 10 and w?
10
Let j = -34 - -51. Suppose 257 = -0*n + 2*n + 5*p, 0 = n + 5*p - 121. Calculate the highest common divisor of n and j.
17
Let i be (-22)/55 - (-37)/5. Let u be i + -2 + 8 + -3. What is the greatest common divisor of u and 40?
10
Suppose 8 = -2*k - 6. Let r be (-13 + k)*6/(-4). What is the highest common divisor of r and 45?
15
Suppose -2*s + 5*s + 60 = 0. Let u = s + 34. What is the highest common divisor of 56 and u?
14
Let v(b) = 4*b**3 - 2*b + 1. Let w be v(1). Suppose -l - 11 = w*d, -2*d = -5*l + d + 35. Calculate the highest common divisor of l and 20.
4
Let l(c) = -c**2 + 23*c - 14. Let f be l(13). What is the greatest common divisor of 87 and f?
29
Let w(y) = 4*y + 6. Let g be w(5). Suppose 7*s - 3*s - 260 = 0. What is the greatest common factor of s and g?
13
Let o be 4/12 - (-8)/3. Calculate the highest common divisor of 3 and o.
3
Let f be 6/20*-2 + 63/5. Calculate the greatest common factor of 18 and f.
6
Let n be (-1 + 26/4)/(3/12). What is the greatest common divisor of n and 2?
2
Suppose -3*r - 67 = -2*v - 8*r, -4*v + 126 = 2*r. What is the greatest common divisor of v and 62?
31
Let w be (9/(-6))/((-2)/(-8)). Let a = w - -6. Let k be 2/4*a - -16. Calculate the greatest common divisor of k and 2.
2
Let l(z) = -49*z. Let o be l(1). Let g(r) = r**2 + r + 3. Let x be g(8). Let n = x + o. Calculate the greatest common divisor of 39 and n.
13
Let o be 15*((-70)/6)/(-5). Let c = o + -22. Let w be ((-13)/2)/(2/(-4)). Calculate the greatest common divisor of w and c.
13
Let h(l) = l**3 - 7*l**2 - 7*l + 6. Let s be h(8). Let m = s - 9. Calculate the greatest common divisor of m and 40.
5
Let z = -11 - -65. Let u(p) = 3*p - 13. Let d be u(10). Suppose 0 = -5*j + d + 73. What is the highest common divisor of j and z?
18
Suppose 3*j + 78 = 4*f - 2*f, 5*f = -5*j + 195. Let a = 13 + 0. Calculate the highest common divisor of a and f.
13
Suppose -t + 4*c + 40 = 0, -5*t - 2*c = -66 - 178. Let h(p) = 12*p**2 - p + 1. Let s = 0 - -1. Let j be h(s). What is the highest common divisor of t and j?
12
Suppose 2*d - d - 6 = 0. Let p = -7 + d. Let a = 59 - p. What is the greatest co